t the prime factors of 261759276.
2, 3, 19, 101, 421
What are the prime factors of 3069710548?
2, 23, 193, 172883
List the prime factors of 2692410896.
2, 7, 24039383
List the prime factors of 228975010.
2, 5, 11, 29, 179, 401
List the prime factors of 119433636.
2, 3, 7, 17, 9293
What are the prime factors of 307065247?
11273, 27239
List the prime factors of 75726738.
2, 3, 17, 31, 887
List the prime factors of 1700959602.
2, 3, 97, 431, 6781
List the prime factors of 400380656.
2, 13, 53, 36319
List the prime factors of 247233786.
2, 3, 71, 580361
List the prime factors of 555433053.
3, 7, 26449193
List the prime factors of 2254232221.
1117, 2018113
What are the prime factors of 464262582?
2, 3, 7, 61, 181211
What are the prime factors of 2603512085?
5, 1069, 487093
List the prime factors of 1763075348.
2, 440768837
List the prime factors of 2341005328.
2, 47, 3113039
List the prime factors of 226526007.
3, 83, 909743
List the prime factors of 1891332168.
2, 3, 11, 7164137
What are the prime factors of 30478583?
4441, 6863
What are the prime factors of 130942298?
2, 313, 209173
What are the prime factors of 38713635?
3, 5, 41, 20983
What are the prime factors of 280845343?
397, 599, 1181
List the prime factors of 13531609.
7, 13, 17, 8747
List the prime factors of 4814828678.
2, 11, 317, 690397
List the prime factors of 486940891.
486940891
What are the prime factors of 127122945?
3, 5, 8474863
What are the prime factors of 1327104589?
1327104589
What are the prime factors of 98059002?
2, 3, 73, 131, 1709
What are the prime factors of 40248824?
2, 7, 11, 223, 293
What are the prime factors of 2491220038?
2, 809, 1539691
What are the prime factors of 103540363?
61, 1697383
What are the prime factors of 14701048?
2, 23, 109, 733
What are the prime factors of 22499214?
2, 3, 3749869
List the prime factors of 605905710.
2, 3, 5, 37, 14753
What are the prime factors of 65492851?
3613, 18127
List the prime factors of 1690570383.
3, 563523461
List the prime factors of 34994120.
2, 5, 7, 124979
What are the prime factors of 609043162?
2, 7, 13, 37, 149, 607
What are the prime factors of 55442095?
5, 19, 37, 15773
What are the prime factors of 10260237?
3, 13, 263083
What are the prime factors of 1856713179?
3, 67, 1999, 4621
List the prime factors of 37589196.
2, 3, 1567, 1999
List the prime factors of 166835225.
5, 6673409
What are the prime factors of 199031925?
3, 5, 83, 31973
What are the prime factors of 65063096?
2, 7, 1161841
List the prime factors of 715430756.
2, 178857689
What are the prime factors of 647583967?
941, 688187
List the prime factors of 46735530.
2, 3, 5, 29, 53719
List the prime factors of 4807456996.
2, 17, 607, 116471
List the prime factors of 1574844.
2, 3, 263, 499
What are the prime factors of 1343457902?
2, 671728951
List the prime factors of 18564597.
3, 307, 6719
List the prime factors of 106807385.
5, 21361477
What are the prime factors of 281987473?
281987473
List the prime factors of 1018321720.
2, 5, 13, 19, 103069
List the prime factors of 54827430.
2, 3, 5, 7, 131, 1993
List the prime factors of 53336622.
2, 3, 2753, 3229
List the prime factors of 45494188.
2, 11373547
List the prime factors of 233405820.
2, 3, 5, 31, 73, 191
List the prime factors of 62247776.
2, 1945243
What are the prime factors of 1653659880?
2, 3, 5, 97, 142067
List the prime factors of 662639450.
2, 5, 11, 71, 239
List the prime factors of 222674426.
2, 13, 31, 431, 641
List the prime factors of 2785338830.
2, 5, 278533883
List the prime factors of 1579744795.
5, 315948959
List the prime factors of 66111341.
37, 107, 16699
List the prime factors of 15614438.
2, 7, 137, 1163
What are the prime factors of 8371961?
13, 83, 7759
List the prime factors of 2645844367.
47, 56294561
List the prime factors of 208899386.
2, 23, 4541291
What are the prime factors of 1234506520?
2, 5, 13, 2374051
What are the prime factors of 16860845?
5, 3372169
List the prime factors of 2224612475.
5, 29, 3068431
List the prime factors of 4085658679.
4085658679
What are the prime factors of 30238850?
2, 5, 709, 853
List the prime factors of 154107345.
3, 5, 7, 83, 17683
What are the prime factors of 2086351597?
11, 23, 37, 222877
List the prime factors of 45729514.
2, 41, 83, 6719
List the prime factors of 3790372.
2, 97, 9769
What are the prime factors of 7712909?
37, 208457
List the prime factors of 20642260.
2, 5, 281, 3673
What are the prime factors of 44029690?
2, 5, 353, 12473
List the prime factors of 159581260.
2, 5, 7979063
List the prime factors of 14926541.
7, 269, 7927
What are the prime factors of 708887373?
3, 236295791
What are the prime factors of 72711921?
3, 24237307
List the prime factors of 9658319.
11, 197, 4457
What are the prime factors of 53898285?
3, 5, 7, 73331
List the prime factors of 47754134.
2, 3257, 7331
What are the prime factors of 539642980?
2, 5, 26982149
List the prime factors of 1661093295.
3, 5, 953, 116201
What are the prime factors of 262122808?
2, 643, 50957
List the prime factors of 84259303.
7669, 10987
List the prime factors of 308058726.
2, 3, 89, 576889
What are the prime factors of 82340792?
2, 17, 41, 14767
What are the prime factors of 3314702895?
3, 5, 7, 59, 535061
What are the prime factors of 127559117?
7, 18222731
List the prime factors of 143441376.
2, 3, 13, 17, 6761
What are the prime factors of 1437404766?
2, 3, 7, 34223923
What are the prime factors of 50116874?
2, 107, 234191
What are the prime factors of 2274248995?
5, 461, 986659
What are the prime factors of 8846245?
5, 71, 24919
What are the prime factors of 1451155404?
2, 3, 2477, 48821
What are the prime factors of 56573931?
3, 18857977
What are the prime factors of 2313471617?
41, 56426137
List the prime factors of 3909023484.
2, 3, 1511, 215587
List the prime factors of 17690389.
17690389
What are the prime factors of 2047385076?
2, 3, 11, 113, 317, 433
What are the prime factors of 636776179?
13, 37, 103, 12853
What are the prime factors of 130467644?
2, 59, 73, 7573
List the prime factors of 2289100846.
2, 53, 181, 119311
What are the prime factors of 99732215?
5, 11, 1813313
What are the prime factors of 2996630005?
5, 599326001
List the prime factors of 32370672.
2, 3, 283, 2383
What are the prime factors of 462486749?
239, 1935091
What are the prime factors of 13311113?
13311113
List the prime factors of 1196980836.
2, 3, 1663, 59981
List the prime factors of 4208183499.
3, 13, 607, 177763
What are the prime factors of 19661731?
191, 311, 331
List the prime factors of 53334013.
631, 84523
List the prime factors of 767894332.
2, 191973583
What are the prime factors of 3424266762?
2, 3, 7, 81530161
List the prime factors of 222290941.
222290941
List the prime factors of 81342728.
2, 839, 12119
List the prime factors of 437099226.
2, 3, 72849871
List the prime factors of 884681636.
2, 59, 3748651
What are the prime factors of 999825?
3, 5, 13331
What are the prime factors of 475332422?
2, 2549, 93239
What are the prime factors of 433478805?
3, 5, 29, 499, 1997
List the prime factors of 247333661.
2699, 91639
What are the prime factors of 1186483634?
2, 7, 84748831
List the prime factors of 349552225.
5, 11, 29, 53, 827
List the prime factors of 71271679.
19, 3751141
What are the prime factors of 106480212?
2, 3, 43, 4799
What are the prime factors of 75968552?
2, 11, 863279
What are the prime factors of 368621343?
3, 37, 83, 13337
What are the prime factors of 1956895062?
2, 3, 23, 1747, 8117
List the prime factors of 1892761326.
2, 3, 613, 171539
What are the prime factors of 80945077?
2897, 27941
What are the prime factors of 6429683045?
5, 197, 6527597
List the prime factors of 1347894239.
131, 1321, 7789
What are the prime factors of 84579889?
84579889
What are the prime factors of 71032467?
3, 11, 2152499
List the prime factors of 6957613739.
113, 257, 239579
What are the prime factors of 84713128?
2, 37, 137, 2089
List the prime factors of 63314583.
3, 3373, 6257
List the prime factors of 1147569716.
2, 179, 1602751
List the prime factors of 1228954337.
13, 5147, 18367
What are the prime factors of 318273599?
7, 1433, 31729
List the prime factors of 3004451586.
2, 3, 233, 491, 1459
List the prime factors of 39444216.
2, 3, 7, 17, 1973
